{"id":8124,"date":"2021-09-20T12:11:47","date_gmt":"2021-09-20T12:11:47","guid":{"rendered":"https:\/\/smobel.com\/?page_id=8124"},"modified":"2022-10-11T17:51:12","modified_gmt":"2022-10-11T17:51:12","slug":"contacto","status":"publish","type":"page","link":"https:\/\/smobel.com\/index.php\/contacto\/","title":{"rendered":"Contacto"},"content":{"rendered":"\t\t<div data-elementor-type=\"wp-page\" data-elementor-id=\"8124\" class=\"elementor elementor-8124\">\n\t\t\t\t\t\t\t\t\t<section class=\"elementor-section elementor-top-section elementor-element elementor-element-1471af5 elementor-section-full_width elementor-section-height-default elementor-section-height-default qodef-elementor-content-no\" data-id=\"1471af5\" data-element_type=\"section\">\n\t\t\t\t\t\t<div class=\"elementor-container elementor-column-gap-default\">\n\t\t\t\t\t<div class=\"elementor-column elementor-col-100 elementor-top-column elementor-element elementor-element-ce88ace\" data-id=\"ce88ace\" data-element_type=\"column\">\n\t\t\t<div class=\"elementor-widget-wrap elementor-element-populated\">\n\t\t\t\t\t\t\t\t<div class=\"elementor-element elementor-element-ac6788e elementor-widget elementor-widget-emaurri_core_google_map\" data-id=\"ac6788e\" data-element_type=\"widget\" data-widget_type=\"emaurri_core_google_map.default\">\n\t\t\t\t<div class=\"elementor-widget-container\">\n\t\t\t<div class=\"qodef-shortcode qodef-m  qodef-google-map\">\n\t<div class=\"qodef-m-map\" id=\"qodef-map-id--499\" data-addresses='[\"R\u00faa Primeira Avenida, n\u00ba42, 15190 Pol\u00edgono de Pocomaco, A Coru\u00f1a\"]' data-pin=https:\/\/smobel.com\/wp-content\/uploads\/2021\/03\/pin.png data-unique-id=499 data-height=650><\/div>\n<\/div>\n\t\t<\/div>\n\t\t\t\t<\/div>\n\t\t\t\t\t<\/div>\n\t\t<\/div>\n\t\t\t\t\t\t\t<\/div>\n\t\t<\/section>\n\t\t\t\t<section class=\"elementor-section elementor-top-section elementor-element elementor-element-02513fc elementor-section-full_width qodef-elementor-content-grid elementor-section-height-default elementor-section-height-default\" data-id=\"02513fc\" data-element_type=\"section\">\n\t\t\t\t\t\t<div class=\"elementor-container elementor-column-gap-default\">\n\t\t\t\t\t<div class=\"elementor-column elementor-col-50 elementor-top-column elementor-element elementor-element-242d514\" data-id=\"242d514\" data-element_type=\"column\">\n\t\t\t<div class=\"elementor-widget-wrap elementor-element-populated\">\n\t\t\t\t\t\t\t\t<div class=\"elementor-element elementor-element-fd7a5be elementor-widget elementor-widget-text-editor\" data-id=\"fd7a5be\" data-element_type=\"widget\" data-widget_type=\"text-editor.default\">\n\t\t\t\t<div class=\"elementor-widget-container\">\n\t\t\t<style>\/*! elementor - v3.7.8 - 02-10-2022 *\/\n.elementor-widget-text-editor.elementor-drop-cap-view-stacked .elementor-drop-cap{background-color:#818a91;color:#fff}.elementor-widget-text-editor.elementor-drop-cap-view-framed .elementor-drop-cap{color:#818a91;border:3px solid;background-color:transparent}.elementor-widget-text-editor:not(.elementor-drop-cap-view-default) .elementor-drop-cap{margin-top:8px}.elementor-widget-text-editor:not(.elementor-drop-cap-view-default) .elementor-drop-cap-letter{width:1em;height:1em}.elementor-widget-text-editor .elementor-drop-cap{float:left;text-align:center;line-height:1;font-size:50px}.elementor-widget-text-editor .elementor-drop-cap-letter{display:inline-block}<\/style>\t\t\t\t<h2>Hable con nosotros<\/h2>\t\t\t\t\t\t<\/div>\n\t\t\t\t<\/div>\n\t\t\t\t<div class=\"elementor-element elementor-element-1d0135d elementor-widget__width-initial elementor-widget elementor-widget-text-editor\" data-id=\"1d0135d\" data-element_type=\"widget\" data-widget_type=\"text-editor.default\">\n\t\t\t\t<div class=\"elementor-widget-container\">\n\t\t\t\t\t\t\t<p>Aqu\u00ed tienes nuestros datos de contacto. Estaremos encantados de hablar contigo y ver en qu\u00e9 podemos ayudarte.<\/p>\t\t\t\t\t\t<\/div>\n\t\t\t\t<\/div>\n\t\t\t\t<section class=\"elementor-section elementor-inner-section elementor-element elementor-element-3ebd8a6 elementor-section-full_width elementor-section-height-default elementor-section-height-default qodef-elementor-content-no\" data-id=\"3ebd8a6\" data-element_type=\"section\">\n\t\t\t\t\t\t<div class=\"elementor-container elementor-column-gap-default\">\n\t\t\t\t\t<div class=\"elementor-column elementor-col-100 elementor-inner-column elementor-element elementor-element-deabda8\" data-id=\"deabda8\" data-element_type=\"column\">\n\t\t\t<div class=\"elementor-widget-wrap elementor-element-populated\">\n\t\t\t\t\t\t\t\t<div class=\"elementor-element elementor-element-d633720 elementor-widget elementor-widget-text-editor\" data-id=\"d633720\" data-element_type=\"widget\" data-widget_type=\"text-editor.default\">\n\t\t\t\t<div class=\"elementor-widget-container\">\n\t\t\t\t\t\t\t<p><a style=\"font-family: Montserrat,sans-serif; font-size: 11px; line-height: 1.5em; font-weight: 500; letter-spacing: .25em; text-transform: uppercase;\" href=\"tel:+34 650 96 34 97\">+(34) 650 96 34 97<\/a><\/p>\t\t\t\t\t\t<\/div>\n\t\t\t\t<\/div>\n\t\t\t\t<div class=\"elementor-element elementor-element-fb779e7 elementor-widget elementor-widget-spacer\" data-id=\"fb779e7\" data-element_type=\"widget\" data-widget_type=\"spacer.default\">\n\t\t\t\t<div class=\"elementor-widget-container\">\n\t\t\t<style>\/*! elementor - v3.7.8 - 02-10-2022 *\/\n.elementor-column .elementor-spacer-inner{height:var(--spacer-size)}.e-container{--container-widget-width:100%}.e-container>.elementor-widget-spacer{width:var(--container-widget-width,var(--spacer-size));-ms-flex-item-align:stretch;align-self:stretch;-ms-flex-negative:0;flex-shrink:0}.e-container>.elementor-widget-spacer>.elementor-widget-container,.e-container>.elementor-widget-spacer>.elementor-widget-container>.elementor-spacer{height:100%}.e-container>.elementor-widget-spacer>.elementor-widget-container>.elementor-spacer>.elementor-spacer-inner{height:var(--container-widget-height,var(--spacer-size))}<\/style>\t\t<div class=\"elementor-spacer\">\n\t\t\t<div class=\"elementor-spacer-inner\"><\/div>\n\t\t<\/div>\n\t\t\t\t<\/div>\n\t\t\t\t<\/div>\n\t\t\t\t<div class=\"elementor-element elementor-element-637689f elementor-widget elementor-widget-text-editor\" data-id=\"637689f\" data-element_type=\"widget\" data-widget_type=\"text-editor.default\">\n\t\t\t\t<div class=\"elementor-widget-container\">\n\t\t\t\t\t\t\t<p><a style=\"font-family: Montserrat,sans-serif; font-size: 11px; line-height: 22px; font-weight: 500; letter-spacing: .25em; text-transform: uppercase;\" href=\"https:\/\/www.google.com\/maps\/place\/Mobiliario+Comercial+Smobel\/@43.3342181,-8.4286502,17z\/data=!3m1!4b1!4m5!3m4!1s0xd2e7d3cd85f5e05:0x949940bf6fbf75b5!8m2!3d43.3342184!4d-8.4264679\" target=\"_blank\" rel=\"noopener\">CALLE PRIMERA AVENIDA N\u00ba42. POL\u00cdGONO POCOMACO<\/a><\/p><p><a style=\"font-family: Montserrat,sans-serif; font-size: 11px; line-height: 22px; font-weight: 500; letter-spacing: .25em; text-transform: uppercase;\" href=\"https:\/\/www.google.com\/maps\/place\/Mobiliario+Comercial+Smobel\/@43.3342181,-8.4286502,17z\/data=!3m1!4b1!4m5!3m4!1s0xd2e7d3cd85f5e05:0x949940bf6fbf75b5!8m2!3d43.3342184!4d-8.4264679\" target=\"_blank\" rel=\"noopener\">15190 A Coru\u00f1a, Espa\u00f1a<\/a><\/p>\t\t\t\t\t\t<\/div>\n\t\t\t\t<\/div>\n\t\t\t\t<div class=\"elementor-element elementor-element-5947375 elementor-widget elementor-widget-spacer\" data-id=\"5947375\" data-element_type=\"widget\" data-widget_type=\"spacer.default\">\n\t\t\t\t<div class=\"elementor-widget-container\">\n\t\t\t\t\t<div class=\"elementor-spacer\">\n\t\t\t<div class=\"elementor-spacer-inner\"><\/div>\n\t\t<\/div>\n\t\t\t\t<\/div>\n\t\t\t\t<\/div>\n\t\t\t\t<div class=\"elementor-element elementor-element-4369df3 elementor-widget__width-initial elementor-widget elementor-widget-text-editor\" data-id=\"4369df3\" data-element_type=\"widget\" data-widget_type=\"text-editor.default\">\n\t\t\t\t<div class=\"elementor-widget-container\">\n\t\t\t\t\t\t\t<p><a style=\"font-family: Montserrat,sans-serif; font-size: 11px; line-height: 22px; font-weight: 500; letter-spacing: .25em; text-transform: uppercase;\" href=\"mailto:info@smobel.com\">info@smobel.com<\/a><\/p>\t\t\t\t\t\t<\/div>\n\t\t\t\t<\/div>\n\t\t\t\t\t<\/div>\n\t\t<\/div>\n\t\t\t\t\t\t\t<\/div>\n\t\t<\/section>\n\t\t\t\t<div class=\"elementor-element elementor-element-18d2eed elementor-widget elementor-widget-spacer\" data-id=\"18d2eed\" data-element_type=\"widget\" data-widget_type=\"spacer.default\">\n\t\t\t\t<div class=\"elementor-widget-container\">\n\t\t\t\t\t<div class=\"elementor-spacer\">\n\t\t\t<div class=\"elementor-spacer-inner\"><\/div>\n\t\t<\/div>\n\t\t\t\t<\/div>\n\t\t\t\t<\/div>\n\t\t\t\t\t<\/div>\n\t\t<\/div>\n\t\t\t\t<div class=\"elementor-column elementor-col-50 elementor-top-column elementor-element elementor-element-3b715ca\" data-id=\"3b715ca\" data-element_type=\"column\">\n\t\t\t<div class=\"elementor-widget-wrap\">\n\t\t\t\t\t\t\t\t\t<\/div>\n\t\t<\/div>\n\t\t\t\t\t\t\t<\/div>\n\t\t<\/section>\n\t\t\t\t\t\t\t<\/div>\n\t\t","protected":false},"excerpt":{"rendered":"<p>Hable con nosotros Aqu\u00ed tienes nuestros datos de contacto. Estaremos encantados de hablar contigo y ver en qu\u00e9 podemos ayudarte. +(34) 650 96 34 97 CALLE PRIMERA AVENIDA N\u00ba42. POL\u00cdGONO POCOMACO 15190 A Coru\u00f1a, Espa\u00f1a info@smobel.com<\/p>\n","protected":false},"author":1,"featured_media":0,"parent":0,"menu_order":0,"comment_status":"closed","ping_status":"closed","template":"page-full-width.php","meta":{"inline_featured_image":false},"_links":{"self":[{"href":"https:\/\/smobel.com\/index.php\/wp-json\/wp\/v2\/pages\/8124"}],"collection":[{"href":"https:\/\/smobel.com\/index.php\/wp-json\/wp\/v2\/pages"}],"about":[{"href":"https:\/\/smobel.com\/index.php\/wp-json\/wp\/v2\/types\/page"}],"author":[{"embeddable":true,"href":"https:\/\/smobel.com\/index.php\/wp-json\/wp\/v2\/users\/1"}],"replies":[{"embeddable":true,"href":"https:\/\/smobel.com\/index.php\/wp-json\/wp\/v2\/comments?post=8124"}],"version-history":[{"count":29,"href":"https:\/\/smobel.com\/index.php\/wp-json\/wp\/v2\/pages\/8124\/revisions"}],"predecessor-version":[{"id":8885,"href":"https:\/\/smobel.com\/index.php\/wp-json\/wp\/v2\/pages\/8124\/revisions\/8885"}],"wp:attachment":[{"href":"https:\/\/smobel.com\/index.php\/wp-json\/wp\/v2\/media?parent=8124"}],"curies":[{"name":"wp","href":"https:\/\/api.w.org\/{rel}","templated":true}]}}